e greatest common divisor of 108 and q?
12
Suppose -x - 59 = -0*x. Let t be (x + 9)*6/(-4). Calculate the greatest common divisor of t and 30.
15
Suppose 0 = -2*p - 2*p + 12. Let s(q) = 0*q**2 + 6*q**2 - p*q + q**3 + 0*q**2 - 9. Let d be s(-6). Calculate the greatest common divisor of d and 3.
3
Suppose y + 2*y - 100 = m, -4*y = m - 145. Calculate the highest common factor of 14 and y.
7
Suppose -15*i = -24*i + 414. What is the greatest common divisor of 23 and i?
23
Let r(p) = -p**2 - 10*p - 12. Let d be r(-8). Suppose -5*m = -2*m. Let f = d - m. What is the highest common divisor of 20 and f?
4
Suppose -2*p + 7*p - 65 = 0. Suppose 2*o + 0*w - 19 = 3*w, 0 = 3*w + 15. Let n be o/(-2) - 472/(-4). Calculate the greatest common factor of p and n.
13
Let f = -4 - -2. Suppose -p = 3*p. Let z = p - f. Calculate the highest common factor of 22 and z.
2
Let k be (-5684)/(-63) - 4/18. Calculate the highest common divisor of 10 and k.
10
Suppose -v + 39 = -27. Calculate the greatest common divisor of v and 44.
22
Suppose 0 = -0*m - 5*m + 215. Suppose 79 = 3*n + 2*p, -n + m = -2*p + 6*p. What is the highest common factor of n and 23?
23
Let f be 9 + (-3 - -6) - -1. What is the greatest common divisor of f and 26?
13
Suppose -33 - 195 = -4*w + 4*a, 0 = 2*w - 3*a - 111. Let k be (-31)/(-3) + (-5)/15. What is the greatest common divisor of w and k?
10
Let r(u) = u**3 - u - 7. Let o be r(0). Let x be (-68)/o - 4/(-14). Calculate the highest common divisor of 50 and x.
10
Let a = -8 - -10. Suppose -484 = -6*u + a*u. What is the greatest common divisor of 11 and u?
11
Let j(u) = u + 2. Let g be j(4). Suppose -g = -t - t. Suppose -2*c = -r - t*r - 16, -3*c + 5*r = -23. What is the greatest common divisor of 2 and c?
2
Let a(y) = -y + 2. Let b be a(2). Let w = b - -3. Suppose -3 = w*l, -d + 175 = -0*d + 5*l. Calculate the greatest common divisor of d and 20.
20
Let w = -30 + 46. Calculate the greatest common factor of w and 2.
2
Let k be (-2)/(-8) - (-1737)/12. Suppose -37 = 3*c - k. Calculate the highest common divisor of c and 12.
12
Suppose -39 = 3*x - 390. What is the highest common divisor of x and 13?
13
Suppose -w = -4*w + 27. Suppose -4 = 5*a - 29, 3*u + 5*a - 133 = 0. What is the highest common divisor of u and w?
9
Suppose -2*j + 8 = -d, -4*d + 11 = 2*j - 7. Suppose -4 = -f, -2*t + d*f = 3*t - 62. Suppose -i + 42 = i. Calculate the greatest common divisor of t and i.
7
Let r be 1/(7/3 - 2). Let p(t) = 5*t**2 + 0*t**3 + 4*t + r*t**3 - 4*t**3. Let w be p(5). What is the greatest common divisor of w and 30?
10
Let k be (-4)/32*6*(-13 + 1). Calculate the highest common divisor of k and 3.
3
Let y be -4 + (7 + -3)/4. Let u = 1 - y. What is the highest common factor of u and 36?
4
Suppose 2*m + 3*t = 138 + 216, -m - t + 177 = 0. Calculate the greatest common divisor of m and 118.
59
Suppose 2*j - 5*v - 2 - 31 = 0, 3*j - 5*v - 37 = 0. Suppose 0 = -j*c - c + 100. Let r be (-43)/(-5) - (-8)/c. Calculate the greatest common factor of 36 and r.
9
Suppose -q - 2 = -3*q. Let i(u) = q + u**3 - 3*u**3 + 5*u**2 + u**3. Let d be i(5). What is the highest common divisor of d and 3?
1
Suppose 2*y - 4 = z, -2*z + 3*z = 4. Let r = 9 + y. What is the greatest common factor of 13 and r?
13
Let t = -41 - -74. Calculate the highest common divisor of t and 11.
11
Let t(f) = 6*f - 1. Suppose 2*o + 5 = 2*k + 1, -3*o = 2*k - 19. Let c = -4 + k. Let i be t(c). Calculate the greatest common divisor of i and 35.
5
Let c(r) = -5*r + 2. Let m be c(-4). What is the greatest common factor of 66 and m?
22
Let z = -132 - -228. What is the greatest common divisor of z and 12?
12
Let x(g) = -g + 10. Let v be x(6). Suppose 4*u + 240 = 4*d, 5*u = -v*d + u + 216. Calculate the highest common divisor of 19 and d.
19
Suppose 0 = -t + 2*u + 40, -7*t + 2*u + 130 = -3*t. Calculate the highest common divisor of t and 6.
6
Let u(i) = -i - 1. Let k be u(5). Let p = 16 + k. Let b = 33 + -23. What is the greatest common divisor of p and b?
10
Let c be (-7)/14*(0 + -14). Suppose r - c = 2. Let s be ((-108)/2)/2*-1. What is the greatest common divisor of r and s?
9
Let v = 187 - 133. What is the greatest common divisor of v and 6?
6
Suppose 0*q = -3*q - 2*i + 6, -3*i = 4*q - 8. Suppose -4*p = 2*n - 10, 10*p = 13*p - 4*n + 9. Calculate the greatest common divisor of q and p.
1
Suppose -5*q + 25 = 5*s, 13 = 4*q - q + s. Calculate the greatest common factor of q and 2.
2
Let j(m) = 4*m**2 - 2*m + 6. Let a be j(4). Let d = -32 + a. Suppose -2*z + 12 = -z. What is the highest common divisor of d and z?
6
Let l(j) = 3*j**2 + 6*j - 3. Let x be l(-5). What is the greatest common divisor of 21 and x?
21
Let t be (-45)/(-5) - (-6 + 2). Calculate the highest common factor of 13 and t.
13
Let o be 44/3 - 3/(-9). Let m be (6/o)/(2/10). Suppose m*j + 224 = 2*g, 4*g = 3*j + 346 + 107. Calculate the highest common divisor of 13 and g.
13
Let t be (1 - 2)/(-1)*-21. Let f = t - -31. What is the highest common divisor of 40 and f?
10
Let j be 1*20/(10/5). What is the highest common divisor of j and 70?
10
Let q = 4 + -5. Let j = q - -11. Calculate the greatest common divisor of j and 50.
10
Let v be (16/2)/((-8)/(-16)). What is the highest common divisor of v and 112?
16
Suppose 5*i + 6 = -19. Let l be i/((-30)/(-9))*-4. What is the greatest common divisor of 1 and l?
1
Suppose -8 - 2 = -5*b. Let g = 3 - 1. Let m = 2 + g. Calculate the highest common divisor of b and m.
2
Suppose 0 = f + 3*f - 536. Let o = f + -94. What is the greatest common factor of o and 60?
20
Suppose 4*c - 2*c = 2. Suppose 0 = 2*t + 3*t + 50. Let r = 14 + t. Calculate the greatest common factor of r and c.
1
Let y(i) = i**2 + 3*i - 3. Let w be y(-4). Suppose -u - w = 6. Let b = u + 10. What is the greatest common divisor of b and 1?
1
Let g = 116 - 112. Calculate the greatest common factor of g and 80.
4
Suppose 32 = q - 88. What is the highest common factor of q and 15?
15
Suppose -39 = 3*n + 15. Suppose -4*w + 24 = 2*o, 2*w = -o - 2*o + 32. Let c = o - n. Calculate the highest common divisor of 7 and c.
7
Let f(i) = -64*i - 1. Let u be f(-1). Suppose 87 = -4*m - 9. Let n be 294/12*m/(-14). Calculate the highest common factor of u and n.
21
Suppose 5*i + 2*l + 13 = 50, -2*l - 53 = -5*i. What is the highest common factor of 45 and i?
9
Let z = 294 + -202. Let w be 5*(z/20 + -1). Let x be (-272)/(-6) + 2/(-6). What is the greatest common factor of x and w?
9
Let k = -29 - -13. Let l = 8 + 24. Let n be (120/k)/((-6)/l). What is the greatest common divisor of 100 and n?
20
Let w(l) = -2*l + 24. Let r be w(10). Calculate the greatest common divisor of r and 28.
4
Suppose -3*b - 2*b = -5*w + 10, -b - 2*w = -4. Suppose -y = -b*y - 14. Calculate the greatest common divisor of y and 98.
14
Suppose 5*v - 6 = 2*v. Suppose 0 = 2*o - 2*g - 2 - 30, -v*o = -g - 35. What is the greatest common divisor of o and 209?
19
Let s = 0 - 8. Let u(c) = -c - 6. Let z be u(s). Suppose 0 = q + 3*i - 73, -z*q + 351 = 3*q + i. Calculate the greatest common factor of q and 14.
14
Let c(p) = p**3 + 8*p**2 + p - 6. Let x be c(-6). Suppose -h + 5*h - x = 0. Let q be (-8)/(-4)*(-3)/(-2). What is the highest common divisor of h and q?
3
Let y be (-13 + 15)/((-1)/32*-2). What is the greatest common divisor of y and 112?
16
Suppose 7*q - 157 - 88 = 0. Let u(b) = -b + 3. Let n be u(-4). What is the greatest common divisor of n and q?
7
Suppose 63 = -o + 99. What is the highest common divisor of 36 and o?
36
Let w(j) = 9*j + 4*j - 5*j + 0 - 1. Let t = 5 - 3. Let s be w(t). Calculate the highest common divisor of 10 and s.
5
Let l be (-4 + (-144)/(-20))/(2/40). What is the highest common factor of 96 and l?
32
Let q = 418 - -128. Suppose -v = v - q. Suppose 4*u = u + v. Calculate the highest common divisor of u and 13.
13
Let p be ((-4)/(-8))/(1/4). Suppose 4*f - p = 62. Calculate the greatest common factor of f and 128.
16
Let h(v) = 12*v**2. Let t be h(-1). Let u = 18 - 14. Calculate the greatest common divisor of t and u.
4
Let o(l) = l + 66. Let m(c) = c**3 - 9*c**2 + 8*c. Let s be m(8). Let v be o(s). What is the greatest common divisor of v and 6?
6
Suppose -f = -4*f + 4*q + 270, 5*f - q = 450. Calculate the greatest common divisor of 18 and f.
18
Suppose 2*n - n - 22 = 0. Let x =